 Give q(x).
3
Let h(n) = -2*n + 2. Let o be (5/(-15))/(1/(-9)). Suppose -5*u = -7 - o. Suppose -1 = -l + u. Determine h(l).
-4
Let p = 20 - 17. Let w(t) = p + 8 - 3 + t. Calculate w(-6).
2
Let l be (-2)/(-6) - (-5)/3. Suppose 3*r = l*r. Let z(d) = d - 1. Let u(g) = -5*g. Let v(x) = u(x) + 4*z(x). Calculate v(r).
-4
Let v be (2 - 1)/((-3)/(-12)). Let w = v + 0. Let g(y) = w - y + 4 - 1. Give g(0).
7
Let j(z) = z**3 + 5*z**2 - 6*z + 4. Let t be 3/12 + (-50)/8. Let n be j(t). Let r(l) = 2 + l + 1 - 10. What is r(n)?
-3
Let g(q) = q + 2. Suppose 3*p - 5*p - 2 = -5*w, -5*p = 5*w + 5. Let z be (w - (-6)/(-3))*-1. Suppose z*o - 10 = -l, l + o = 2*l + 5. Calculate g(l).
2
Let c(b) = -5*b**2 - b + 0*b**2 - b**2. Give c(-1).
-5
Suppose -11 = -2*t - 3*d - 1, -t = -d. Let v(h) = h**2 - 2. Give v(t).
2
Let i = -6 - -8. Suppose 3*k = -2*t - 4, 2*k + 3*t = 2*t - 1. Let s(l) = -1 + k*l**2 - i - l**2 - 3*l. Calculate s(4).
1
Let y(c) be the first derivative of -c**3/3 + c**2/2 - 8*c - 62. Let h = 1 - 1. What is y(h)?
-8
Let c = -5 - -7. Let t(m) = m**c + 3 + 4*m + m + 0*m**2. Let f(k) = -3*k + 1. Let n be f(2). Give t(n).
3
Let d = -5 + 4. Let v(n) = 1 - 7 + 3*n**3 + 4*n**3 + 5. Calculate v(d).
-8
Let q = 3 + -4. Let n(x) be the third derivative of x**5/12 + x**4/12 + x**3/6 - 4*x**2. Calculate n(q).
4
Let g(l) = 8*l**2 + 1 - 6*l**2 - 3*l**2 - l. Give g(1).
-1
Let i(f) = f**3 + 7*f**3 - f**2 + 0*f**3. Let g(u) be the third derivative of -7*u**6/120 + u**5/60 - u**2. Let j(w) = 3*g(w) + 2*i(w). Calculate j(1).
-4
Let n(m) = -2*m - 1. Let f(i) = -i**2 - 5 - 5*i**2 + 2*i**2 - i + 3*i**2. Let b be f(0). What is n(b)?
9
Let r be 15*(-1)/(5/2). Let l(m) = -7*m**3 - 5*m**2 - 2*m - 14. Let f(g) = 8*g**3 + 5*g**2 + 3*g + 15. Let k(s) = -6*f(s) - 7*l(s). Determine k(r).
-4
Let j(n) = -n**2 + 4*n + 7. Let k be j(5). Let d(v) = 3*v**2 + k*v**3 + v - 4 + 3*v**3 - 5*v**3 - v**3. What is d(3)?
-1
Let o(i) = 5*i**2 + i + 5. Let z be 1*(1 + -2 - 0). Let b(q) = -1. Let a(v) = z*o(v) - 6*b(v). Let c = -23 - -24. What is a(c)?
-5
Let o be (-2 + 3)/((-2)/10). Let c(t) = t - 1. What is c(o)?
-6
Let b(c) = c + 1. Let n = -2 + 8. Let i(q) = 4*q + n - 3 - q. Let y(f) = -4*b(f) + i(f). Calculate y(5).
-6
Let k(r) = -r + 1. Let v(l) = -1. Let y(i) = i**2 + 6*i + 3. Let c(d) = -3*v(d) + y(d). Let m be c(-6). Let p(g) = -2*g + 9. Let u be p(m). Calculate k(u).
4
Let c(y) = 4*y + 7. Let v(n) = n. Let r(o) = -c(o) + 5*v(o). Determine r(5).
-2
Let h = 9 - 3. Let f be h - 1 - (0 - -2). Suppose 21 = 3*r - 3*x, 3*r = -5*x - 0 - f. Let c(m) = -3*m + 6. Calculate c(r).
-6
Suppose 2*o = -o + 6. Let p(x) = o - 7*x**2 - 4 + x**3 + 7*x - 2 - 1. What is p(6)?
1
Let m = -9 + 11. Let t(x) = -x**3 - 6*x**2 + 4*x + 3. Let a(k) = 2*k**3 + 5*k**2 - 3*k - 4. Let s(z) = m*a(z) + 3*t(z). Determine s(7).
-6
Let n(p) be the second derivative of -5*p**3/6 + 9*p**2/2 + p. Let q(v) = 14*v - 26. Let f(c) = 17*n(c) + 6*q(c). Determine f(0).
-3
Let n = 62 + -60. Let g(r) = -2 - r - 2*r**3 + r**3 + 2*r**3 - r**2. Give g(n).
0
Let l(h) = -h**3 + h - 4. Let g be (4 - 4)*(-1 - -2). Suppose 3*d - 3*q = 12, g = 3*d - 6*d + 2*q + 8. Calculate l(d).
-4
Let g(d) = -5*d**2 - 9*d - 4. Let b(x) = -x**2 - x. Let a(s) = 6*b(s) - g(s). Let u = -2 + 4. Let o be ((-1)/u)/((-4)/24). What is a(o)?
4
Let i(o) = 3*o - 12. Let m(n) = n - 1. Let q(d) = i(d) - 2*m(d). Give q(7).
-3
Let k = -51 - -51. Let z(s) = -s**3 - s**2 + s + 7. What is z(k)?
7
Let a(c) be the third derivative of -c**4/12 - 5*c**3/6 + 13*c**2. Give a(4).
-13
Let l(j) = j**2 - 3*j - 6. Suppose -5*p + 3 = 43. Let z(h) = -h - 3. Let g be z(p). What is l(g)?
4
Let f(t) = -t - 6. Let i be f(-7). Let m be ((-3)/i)/3 + -3. Let h(n) = 3*n + 6. Give h(m).
-6
Let l(s) = s**2 + 8*s + 7*s - 3*s**2 - s**3 - 16*s. Suppose 5*p = -2*r - 19, -r + 13 = 2*p - 7*p. Calculate l(r).
2
Let z(w) = -w**2 + 3*w + 5. Let q be -2*21/12*-2. Suppose -20 = q*y - 2*y. Let m be 1 - 1 - y - -1. What is z(m)?
-5
Let u(x) be the second derivative of x**4/12 - x**3/6 - x**2/2 - 10*x. What is u(-1)?
1
Suppose 0*k = k - 5. Let n = 8 - k. Let j(u) be the second derivative of -u**4/6 + u**3/3 + u. Determine j(n).
-12
Let m(g) = 9*g + 7. Let l(q) = -5*q - 3. Let b(v) = -9*l(v) - 4*m(v). Calculate b(1).
8
Let q(y) be the third derivative of -y**5/20 - y**4/24 + y**3/6 - y**2. What is q(1)?
-3
Let h(m) be the first derivative of -m**2/2 + 4*m + 19. Let s be 25/4*(0 + 4). Suppose -2*f + 0*f - 30 = 4*i, 0 = -3*i - 2*f - s. Calculate h(i).
9
Let t(g) = 3 + 2*g + 0*g + 0. Determine t(3).
9
Let v(f) be the first derivative of -4*f**3/3 + f - 1. Calculate v(-2).
-15
Suppose 2*a + 5*o = 34, 0*a - a = -3*o + 5. Let q(y) = y**3 - 6*y**2 - 6*y - 8. What is q(a)?
-1
Let v(w) be the second derivative of -w**7/2520 + w**6/720 + w**5/120 - w**4/12 + 2*w. Let x(m) be the third derivative of v(m). Determine x(0).
1
Let s(w) = w + 1. Let x(l) = l**3 - 5*l**2 + 5*l. Let n be x(4). Calculate s(n).
5
Let h(w) = -6*w - 14. Let j(y) = -4*y - 9. Let v(m) = m**2 - 3*m - 5. Let u be 5*1*1/1. Let d be v(u). Let k(n) = d*h(n) - 8*j(n). Give k(-3).
-4
Let w(z) = z**3 + 2*z**2 + 7*z + 11. Let y(p) = p**3 + 3*p**2 + 7*p + 10. Let d(t) = 3*w(t) - 4*y(t). Give d(-5).
3
Let s(i) = -i**2 + i - 5. Let w(v) = v**3 - v**2 - 1. Let f(k) = s(k) - w(k). Calculate f(0).
-4
Let q(f) = 2*f. Let c be q(1). Let o = 1 - -1. Let z(v) = -2*v**o + 5*v + 0 + v**c + 3 - 5. What is z(5)?
-2
Let n(t) = 2*t**3 - 11*t**2 - 5*t - 6. Let q be n(6). Let k(g) = -g**2 - g. What is k(q)?
0
Suppose -2*d = -17 + 11. Suppose z + d = -2*z. Let q(w) = -5*w**2. Calculate q(z).
-5
Let m = 5 - 8. Let b(c) = -3*c + 14. Let j(v) = -v. Let q(k) = -3*k - 7. Let l(r) = 5*j(r) - q(r). Let z(n) = 3*b(n) - 5*l(n). Determine z(m).
4
Let t(f) be the first derivative of -5*f**2/2 - 5*f + 8. Determine t(-4).
15
Let k(p) be the first derivative of 3*p**2/2 - 3*p + 21. Let y be (1 - 4)/(3/(-2)). Determine k(y).
3
Let l(u) = -u**2 + 5*u + 4. Let v(r) = r + 2. Let i be v(10). Let y be (-2)/3*i/8. Let c = 3 - y. What is l(c)?
8
Suppose -x - 2*j + 12 = 0, j = 2*x - j. Suppose 4*w + l + 0*l - 3 = 0, 12 = 3*w + x*l. Let n(d) = -d**3 + d. Calculate n(w).
0
Let r be (3/(-9))/(3/27). Let o(n) = 7*n**3 - n**2 + n + 5. Let t(s) = -11*s**3 + 2*s**2 - 2*s - 8. Let f(j) = 8*o(j) + 5*t(j). Give f(r).
-3
Let w(r) = -r**3 - 6*r**2 - 6*r. Let b be w(-5). Let l(c) = -2 + b - c - 2 - 2. Give l(-3).
2
Let h(x) be the first derivative of x**7/840 - x**5/120 - x**3/3 + 1. Let k(p) be the third derivative of h(p). Calculate k(-2).
-6
Let g(d) = d + 3. Let z be 15/(-10)*(-62)/3. Suppose z = 3*i + 4*u, -i + 0 = -2*u + 3. Calculate g(i).
8
Suppose -9*h + 2 = -8*h. Let m be (-2)/(-2) - (-2 + h). Let u(j) = -j**2 - 2*j + 1. What is u(m)?
-2
Suppose -4*r + 5*f = -26, 5*r = f + 3*f + 28. Suppose v = r*v - 6. Let t(a) = 5 + 2 + 2 + v*a. What is t(-6)?
-3
Let t(u) = -u**2 - 5*u - 3. Let b(k) = k**3 - 6*k**2 + 3*k + 4. Let g be b(5). Give t(g).
-9
Let q(f) = 2*f**2 + 2*f. Suppose 4*n + 0*b + b = -3, -11 = -2*n - 3*b. Calculate q(n).
4
Let g be (2/11)/((-2)/(-22)). Let o(j) = -j**3 + j**2 + 2*j + 1. Give o(g).
1
Let k be (-1 + 5)*(-34)/68. Let m(o) = o + 6. Determine m(k).
4
Let q(a) = -3*a**3 - 18*a**2 - 15*a + 12. Let o(x) = x**3 + 6*x**2 + 5*x - 4. Let t(m) = -7*o(m) - 2*q(m). Determine t(-5).
4
Let q(v) = -7*v**3 + v**2. Let g be (2 + -1 + -2)*-5. Suppose -4*m + 4 = -5*p + 29, m + g = 0. What is q(p)?
-6
Suppose -3*m + 6 + 0 = 0. Let t(a) = -4 - a + 3 + m*a. Let u(d) = d + 8. Let s be u(-13). What is t(s)?
-6
Let c(l) = 3*l**2 + 3 - 4*l - 4*l**2 - 2*l. Suppose -2*v + 35 = -7*v. Determine c(v).
-4
Let k(i) = 3*i**2 + 2*i + 1. Let m be k(-1). Let r(q) = 2 - 6*q + q**2 + 0 + m*q. What is r(5)?
7
Let r = 25 - 22. Let k(l) = l**3 - 2*l**2 + l - 2. Determine k(r).
10
Let h be 4/3*3 + -1. Let s(r) be the first derivative of -1 + 3*r - 1/2*r**2. Give s(h).
0
Let h(v) = v**2 - 8*v - 2. Let s be h(8). Let o be (3 + s)*-2*6. Let f = 7 + o. Let c(q) = -q**3 - 6*q**2 - 5*q - 4. Calculate c(f).
-4
Suppose 0 = 4*k - k - 3*i - 21, i + 11 = 2*k. Suppose k*y - 8 = 8*y. Let s(x) = x**3 + 2*x**2 - 3*x - 2. Give s(y).
4
Let f = -17 - -27. Let u be (4/f)/(1/(-5)). Let i(k) = 5*k. Let t(n) = -n + 1. Let x(j) = -i(j) - 2*t(j). Determine x(u).
4